ivisor of 1052 and d.
4
Let v(n) = -352*n - 4796. Let g be v(-23). What is the greatest common factor of 240 and g?
60
Let a(w) = 11*w**2 + 148*w + 1936. Let z be a(-12). What is the highest common factor of z and 544?
16
Suppose 9081 = -153*o + 1889145. What is the highest common factor of o and 8?
8
Let r(b) = -b**3 + 7*b**2 - 6*b - 8. Let n be r(4). Suppose -26*t - 10 = -62. Calculate the highest common factor of t and n.
2
Suppose 5848 + 30009 = 48*l + 8017. What is the highest common factor of 340 and l?
20
Let i(p) = p**3 - 48*p**2 + 26*p - 19. Let u be i(48). Let q = u + -578. What is the highest common factor of 21 and q?
21
Suppose -12 = -10*o + 6*o. Suppose o*p = -0*p - 36. Let b(a) = a**2 - 13*a + 8. Let j be b(p). What is the greatest common divisor of 28 and j?
28
Suppose 11119 = -13*u - 10006. Let n = -1145 - u. Calculate the greatest common divisor of 60 and n.
60
Let l = 2003 - 1072. Let b = -810 + l. What is the greatest common divisor of 44 and b?
11
Let w be (-90)/(-180) + (-134)/(-4). Let r(z) = 2*z**3 - 7*z**2 - 5*z + 13. Let u be r(6). Suppose 2*n = 7 + u. What is the highest common divisor of n and w?
17
Let d(u) = 26*u**2 - 3*u - 3. Let g = 70 - 71. Let y be d(g). Let p be 9/(-12)*(-312)/3. What is the highest common divisor of y and p?
26
Let b = -83 + 127. Suppose -4*k + b = 8. Let w be (-2 + k)/(-1 - 6/(-5)). Calculate the highest common divisor of 5 and w.
5
Let u(v) = 827*v - 1932. Let w be u(4). What is the highest common divisor of 64 and w?
32
Let l(w) = -80*w**2 + 5*w + 9. Let q be l(3). Let x = q + 736. What is the greatest common factor of x and 8?
8
Let c = 32135 - 32076. Let m = -31 - -149. What is the highest common divisor of c and m?
59
Let c(x) = x**3 + 106*x**2 - 514*x - 484. Let z be c(-109). What is the highest common divisor of z and 99?
99
Let t(l) = 3*l**2 - 11*l - 27. Let y be t(19). Let m = y - 205. Calculate the highest common divisor of m and 6.
6
Suppose -n + 2*t + 16 = 0, -4*n - 5*t + 5 = -7. Let k(d) = -d**3 + 47*d**2 - 186*d + 610. Let r be k(43). What is the greatest common factor of r and n?
8
Let z = 3350 - 3230. Suppose -45 = f - 4*f. What is the highest common factor of f and z?
15
Let z(p) = p**2 + 14*p + 50. Let d be z(-7). Suppose 3*y - 6*y - 162 = 0. Let h = y - -61. Calculate the highest common divisor of h and d.
1
Let w be (-1 - -1)*(-8 + 9). Let z be (1 - w)/(1/2). Let p be 4/(4/7) - (0 + z). What is the highest common divisor of 10 and p?
5
Suppose 7*a - 330*a = 81*a - 808. Let l be 4/(-6) + 13/(-3). Let q = l + 19. What is the highest common divisor of a and q?
2
Let r(g) be the second derivative of 4*g**2 - 5/6*g**3 + 1/12*g**4 - 19*g + 0. Let d be r(6). What is the highest common divisor of 21 and d?
7
Suppose -5*c + 306 = 2*b - 11, 0 = -c - b + 61. What is the highest common divisor of 495 and c?
5
Let x(l) = -42*l + 2882. Let m be x(68). Calculate the highest common factor of m and 16822.
26
Let y = 42 - -22. Let m be 38 + (-7 - -4)/1. Let p = m + -3. Calculate the highest common divisor of p and y.
32
Let m(i) = 22*i - 131. Let s be m(6). Let y be (0 - s)/(((-22)/(-561))/(-2)). What is the highest common divisor of y and 357?
51
Suppose -30*o = -3*o - 1080. Suppose 0 = -2*k + 5*u + 143, -4*k + 231 = -5*u - o. What is the highest common divisor of k and 544?
32
Suppose 12*a = 10*a + 42. Let j be (-849)/(-12) - (52/(-16) - -3). Let h = -57 + j. Calculate the greatest common factor of a and h.
7
Let h(n) = -2*n**2 - 40*n + 3. Let i be h(-12). What is the highest common factor of 312 and i?
39
Let y(z) = -4*z**2 - 18*z + 5. Let h(f) = f**2 + f + 1. Let m(r) = -5*h(r) - y(r). Let c be m(11). Calculate the greatest common factor of 16 and c.
4
Let u be 4/(-7) + (-41)/(4879/(-147152)). Calculate the greatest common divisor of u and 8.
4
Suppose -7 = -r, -4*r - 145791 = -4*y + 7845. What is the greatest common divisor of y and 32?
16
Let y = 1473 + -259. Suppose 2*m - q - y = 0, 3*m = -2*q + 1044 + 763. What is the greatest common divisor of 55 and m?
55
Let j = 24 - 4. Suppose 5*c - 5*g - 1198 = 377, j = -4*g. Calculate the greatest common factor of c and 10.
10
Let c(f) = -f**3 + 9*f**2 + 3*f - 8. Let b be c(9). Let s = 28713 + -28390. Calculate the highest common factor of b and s.
19
Let p = 23 + -23. Let c be (6 + 8)*(p - -1). Let h be (-748)/(-36) - ((-6)/27 + 0). Calculate the highest common factor of c and h.
7
Let q(r) = -2*r**2 - 26*r + 16. Let d(p) = 10*p + 18. Let j = -102 + 99. Let k be d(j). Let z be q(k). What is the highest common factor of 30 and z?
10
Let a be 4*(-1956)/120 - 8/10. Let i be 4/12 + (-1)/3 - a. What is the greatest common divisor of 22 and i?
22
Let s be (609/(-49) - -11)/((-3)/42)*10. What is the highest common factor of 5600 and s?
200
Let c(l) = 7*l**2 - 7*l - 8. Let z be c(-1). Let n(k) = 16 + k - 12 - 2. Let m be n(16). What is the greatest common factor of m and z?
6
Let z be (160/12 - 16)*855/(-10). Calculate the greatest common divisor of 13395 and z.
57
Let h(o) = 4*o**3 - 26*o**2 - 13*o + 6. Let l be h(8). What is the greatest common divisor of l and 754?
26
Let y(u) = u. Let o(v) = -22*v + 6. Let d(l) = o(l) + 5*y(l). Let p be d(-6). Let m be ((-2)/(-3))/(24/p). Calculate the highest common factor of 33 and m.
3
Let r(u) = 2*u**2 + 2*u + 5. Let x be r(4). Let y be 2862/(-795)*(-15)/3. What is the greatest common divisor of x and y?
9
Let u(j) = j + 20. Let s be u(-9). Let f be 3/4*-12*5/(-9). Suppose 386 = -f*v + 881. Calculate the highest common divisor of v and s.
11
Suppose 1321*p = 1308*p + 845. Let v be 13*10/4*6. Calculate the highest common divisor of p and v.
65
Let c(k) = -25*k**2 - 5*k - 31*k**2 + 57*k**2 - 39. Let v be c(12). Calculate the highest common divisor of v and 18.
9
Let a(o) = -2*o**3 + 63*o**2 - 471*o - 65. Let h be a(13). Calculate the greatest common factor of 3185 and h.
65
Suppose 0*y - 4*y = 4*k - 96, -26 = -y - 2*k. Suppose 5*x = 12*x - 6475. Suppose 8*c + 45 = x. Calculate the highest common factor of y and c.
22
Suppose 5*c - 90 = -4*c. Suppose 54 = c*i - 66. Calculate the highest common divisor of 228 and i.
12
Let a(y) = y + 23. Let f be a(-17). Let u be (-4*f/(-12))/((-4)/(-114)). Let t be (8/(-12)*u)/(-2). What is the greatest common factor of t and 19?
19
Let f = 1504 + 1064. What is the greatest common divisor of 16 and f?
8
Let t be ((-16)/40)/((-4)/(-5))*-36. Suppose 53*c = 56*c - t. Suppose -c = -8*z + 18. What is the greatest common factor of z and 33?
3
Let l be -5 + 10 + 3 + -6. Suppose 5*k = 4*a + 10, -3*k + 9 = -l*a + 3. Let g = 62 + -30. What is the greatest common divisor of g and k?
2
Suppose -5*d + 0*r - 6*r = -4810, -2*d + r + 1924 = 0. What is the highest common divisor of d and 104?
26
Let w(f) be the third derivative of f**4/2 - f**3 - 4*f**2. Let n be w(6). Suppose 11*h = 16*h - 30. Calculate the greatest common factor of h and n.
6
Let j = 5985 - 5175. Calculate the greatest common divisor of j and 450.
90
Let b(w) = w**3 + 12*w**2 + 9*w + 15. Let k be b(-10). Suppose 151 = -m - k. Let j = m - -396. Calculate the greatest common factor of j and 15.
15
Let l = 27956 - 27692. What is the greatest common factor of l and 4136?
88
Let z = -10787 - -10898. What is the greatest common divisor of z and 2?
1
Suppose -135*s - d + 3334 = -130*s, -5*s - 5*d + 3350 = 0. Calculate the highest common factor of 36 and s.
18
Suppose -26*y - 176 = -20. Let k be 138/8 + -1 + y/24. What is the highest common divisor of 48 and k?
16
Let f = -3808 + 3843. Suppose 0*q = -2*q. Suppose d + d - 10 = q. Calculate the highest common divisor of d and f.
5
Let m be 2/6 - (-1186)/6. Suppose -86*f + 812 = 48*f - 1600. Calculate the greatest common factor of m and f.
18
Let c be (462/6 - (-4)/(-2)) + 0. Let f = 3 + c. What is the highest common factor of 6 and f?
6
Let w(z) = -z**3 - 5*z**2 + 12*z - 36. Let a be w(-9). What is the highest common factor of 17460 and a?
180
Suppose 2*y = 40223*c - 40226*c + 17, 0 = -2*y + c + 5. Let m = -694 - -1298. What is the greatest common divisor of y and m?
4
Let q = 227 - 155. Let g = q - -11. Let t = -81 + g. Calculate the highest common divisor of 10 and t.
2
Let v(c) = 710*c + 540. Let p be v(0). Calculate the highest common divisor of 240 and p.
60
Let x(u) = -2*u*